{"id":45,"date":"2023-10-27T22:38:26","date_gmt":"2023-10-28T03:38:26","guid":{"rendered":"https:\/\/idase.net\/?page_id=45"},"modified":"2025-02-28T21:27:55","modified_gmt":"2025-03-01T02:27:55","slug":"blog","status":"publish","type":"page","link":"https:\/\/idase.net\/index.php\/blog\/","title":{"rendered":"Blog"},"content":{"rendered":"<p>[et_pb_section fb_built=\u00bb1&#8243; fullwidth=\u00bbon\u00bb admin_label=\u00bbHero\u00bb _builder_version=\u00bb4.16&#8243; background_image=\u00bbhttps:\/\/idase.net\/wp-content\/uploads\/2023\/10\/it-services-09.jpg\u00bb parallax=\u00bbon\u00bb custom_padding=\u00bb0px|0|0px|0px|false|false\u00bb global_colors_info=\u00bb{}\u00bb][et_pb_fullwidth_header title=\u00bbCentro de Recursos de Aprendizaje\u00bb text_orientation=\u00bbcenter\u00bb _builder_version=\u00bb4.16&#8243; title_font=\u00bbShare Tech||||||||\u00bb title_text_align=\u00bbcenter\u00bb title_font_size=\u00bb80px\u00bb title_line_height=\u00bb1.2em\u00bb content_font=\u00bbOpen Sans||||||||\u00bb content_text_align=\u00bbcenter\u00bb content_font_size=\u00bb18px\u00bb content_line_height=\u00bb1.8em\u00bb background_color=\u00bbrgba(0,0,0,0)\u00bb use_background_color_gradient=\u00bbon\u00bb background_color_gradient_direction=\u00bb140deg\u00bb background_color_gradient_stops=\u00bbrgba(0,72,114,0.9) 0%|rgba(41,17,96,0.8) 100%\u00bb background_color_gradient_start=\u00bbrgba(0,72,114,0.9)\u00bb background_color_gradient_end=\u00bbrgba(41,17,96,0.8)\u00bb parallax=\u00bbon\u00bb parallax_method=\u00bbon\u00bb custom_button_one=\u00bbon\u00bb button_one_text_size=\u00bb15px\u00bb button_one_bg_color=\u00bb#ffa727&#8243; button_one_border_width=\u00bb15px\u00bb button_one_border_color=\u00bb#ffa727&#8243; button_one_border_radius=\u00bb100px\u00bb button_one_letter_spacing=\u00bb5px\u00bb button_one_font=\u00bbOpen Sans|700||on|||||\u00bb custom_margin=\u00bb|||\u00bb custom_padding=\u00bb10vw||10vw||true\u00bb custom_padding_tablet=\u00bb100px||100px||true\u00bb custom_padding_phone=\u00bb|||\u00bb custom_padding_last_edited=\u00bbon|desktop\u00bb title_font_size_tablet=\u00bb60px\u00bb title_font_size_phone=\u00bb36px\u00bb title_font_size_last_edited=\u00bbon|phone\u00bb content_font_size_tablet=\u00bb\u00bb content_font_size_phone=\u00bb16px\u00bb content_font_size_last_edited=\u00bbon|phone\u00bb button_one_text_size_tablet=\u00bb\u00bb button_one_text_size_phone=\u00bb\u00bb button_one_text_size_last_edited=\u00bbon|desktop\u00bb button_one_border_color_hover=\u00bb#ff8a3d\u00bb button_one_border_radius_hover=\u00bb100px\u00bb button_one_letter_spacing_hover=\u00bb5px\u00bb button_one_bg_color_hover=\u00bb#ff8a3d\u00bb global_colors_info=\u00bb{}\u00bb button_one_text_size__hover_enabled=\u00bboff\u00bb button_two_text_size__hover_enabled=\u00bboff\u00bb button_one_text_color__hover_enabled=\u00bboff\u00bb button_two_text_color__hover_enabled=\u00bboff\u00bb button_one_border_width__hover_enabled=\u00bboff\u00bb button_two_border_width__hover_enabled=\u00bboff\u00bb button_one_border_color__hover_enabled=\u00bbon\u00bb button_one_border_color__hover=\u00bb#ff8a3d\u00bb button_two_border_color__hover_enabled=\u00bboff\u00bb button_one_border_radius__hover_enabled=\u00bbon\u00bb button_one_border_radius__hover=\u00bb100px\u00bb button_two_border_radius__hover_enabled=\u00bboff\u00bb button_one_letter_spacing__hover_enabled=\u00bbon\u00bb button_one_letter_spacing__hover=\u00bb5px\u00bb button_two_letter_spacing__hover_enabled=\u00bboff\u00bb button_one_bg_color__hover_enabled=\u00bbon\u00bb button_one_bg_color__hover=\u00bb#ff8a3d\u00bb button_two_bg_color__hover_enabled=\u00bboff\u00bb]<\/p>\n<p>En este apartado estaremos subiendo informaci\u00f3n relevante al mundo de la Tecnolog\u00eda de la Informaci\u00f3n y las \u00faltimas publicaciones de la SUNAT sobre Facturaci\u00f3n Electr\u00f3nica.<\/p>\n<p>[\/et_pb_fullwidth_header][\/et_pb_section][et_pb_section fb_built=\u00bb1&#8243; admin_label=\u00bbFAQ\u00bb _builder_version=\u00bb4.16&#8243; custom_padding=\u00bb100px|0px|54px|0px|false|false\u00bb global_colors_info=\u00bb{}\u00bb][et_pb_row _builder_version=\u00bb4.16&#8243; custom_margin=\u00bb|||\u00bb custom_padding=\u00bb|||\u00bb global_colors_info=\u00bb{}\u00bb][et_pb_column type=\u00bb4_4&#8243; _builder_version=\u00bb4.16&#8243; custom_padding=\u00bb|||\u00bb global_colors_info=\u00bb{}\u00bb custom_padding__hover=\u00bb|||\u00bb][et_pb_text _builder_version=\u00bb4.16&#8243; text_font=\u00bbShare Tech||||||||\u00bb text_text_color=\u00bbrgba(0,0,0,0.02)\u00bb text_font_size=\u00bb100px\u00bb text_line_height=\u00bb0.2em\u00bb header_font=\u00bb||||||||\u00bb header_2_font=\u00bbShare Tech||||||||\u00bb header_2_font_size=\u00bb48px\u00bb header_2_line_height=\u00bb1.4em\u00bb text_orientation=\u00bbcenter\u00bb custom_margin=\u00bb||30px||false\u00bb custom_margin_tablet=\u00bb||0px|\u00bb custom_margin_phone=\u00bb\u00bb custom_margin_last_edited=\u00bbon|tablet\u00bb text_font_size_tablet=\u00bb80px\u00bb text_font_size_phone=\u00bb60px\u00bb text_font_size_last_edited=\u00bbon|desktop\u00bb header_2_font_size_tablet=\u00bb\u00bb header_2_font_size_phone=\u00bb36px\u00bb header_2_font_size_last_edited=\u00bbon|phone\u00bb global_colors_info=\u00bb{}\u00bb]<\/p>\n<p>FAQ<\/p>\n<h2>Preguntas frecuentes sobre POS SYSTEM<\/h2>\n<p>&nbsp;<\/p>\n<p>[\/et_pb_text][\/et_pb_column][\/et_pb_row][et_pb_row column_structure=\u00bb1_2,1_2&#8243; admin_label=\u00bbFAQ Row\u00bb _builder_version=\u00bb4.16&#8243; global_colors_info=\u00bb{}\u00bb][et_pb_column type=\u00bb1_2&#8243; _builder_version=\u00bb4.16&#8243; custom_padding=\u00bb|||\u00bb global_colors_info=\u00bb{}\u00bb custom_padding__hover=\u00bb|||\u00bb][et_pb_toggle title=\u00bbQue es POS SYSTEM\u00bb open_toggle_background_color=\u00bbrgba(0,0,0,0)\u00bb closed_toggle_background_color=\u00bbrgba(0,0,0,0)\u00bb _builder_version=\u00bb4.16&#8243; title_font=\u00bbShare Tech||||||||\u00bb background_color=\u00bb#f1f1f1&#8243; custom_margin=\u00bb|||\u00bb custom_padding=\u00bb|||\u00bb locked=\u00bboff\u00bb global_colors_info=\u00bb{}\u00bb]<\/p>\n<p><span>Es un sistema de punto de venta en la nube que est\u00e1 orientado para peque\u00f1os y medianos negocios del rubro retail, comida y servicios. Brinda informaci\u00f3n en tiempo real acerca de tus ventas, inventario , productos , clientes y reportes.<\/span><\/p>\n<p>[\/et_pb_toggle][et_pb_toggle title=\u00bb\u00bfCu\u00e1l es el plazo de contrataci\u00f3n y las condiciones?\u00bb open_toggle_background_color=\u00bbrgba(0,0,0,0)\u00bb closed_toggle_background_color=\u00bbrgba(0,0,0,0)\u00bb _builder_version=\u00bb4.16&#8243; title_font=\u00bbShare Tech||||||||\u00bb background_color=\u00bb#f1f1f1&#8243; custom_margin=\u00bb|||\u00bb custom_padding=\u00bb|||\u00bb locked=\u00bboff\u00bb global_colors_info=\u00bb{}\u00bb]<\/p>\n<p><span>Es un contrato abierto, el cliente decide el tiempo que desea adquirirlo (mensual,semestral o anual). Solo es necesario tener un RUC activo para utilizar el sistema.<\/span><\/p>\n<p>[\/et_pb_toggle][et_pb_toggle title=\u00bb\u00bfPOS SYSTEM esta en la nube o en una computadora?\u00bb open_toggle_background_color=\u00bbrgba(0,0,0,0)\u00bb closed_toggle_background_color=\u00bbrgba(0,0,0,0)\u00bb _builder_version=\u00bb4.16&#8243; title_font=\u00bbShare Tech||||||||\u00bb background_color=\u00bb#f1f1f1&#8243; custom_margin=\u00bb|||\u00bb custom_padding=\u00bb|||\u00bb locked=\u00bboff\u00bb global_colors_info=\u00bb{}\u00bb]<\/p>\n<p><span>Se encuentra en la nube, por ello se debe contar con conexi\u00f3n a internet para poder utilizarlo.<\/span><\/p>\n<p>[\/et_pb_toggle][et_pb_toggle title=\u00bb\u00bfCu\u00e1les son las ventajas de la nube? \u00bb open_toggle_background_color=\u00bbrgba(0,0,0,0)\u00bb closed_toggle_background_color=\u00bbrgba(0,0,0,0)\u00bb _builder_version=\u00bb4.16&#8243; title_font=\u00bbShare Tech||||||||\u00bb background_color=\u00bb#f1f1f1&#8243; custom_margin=\u00bb|||\u00bb custom_padding=\u00bb|||\u00bb locked=\u00bboff\u00bb global_colors_info=\u00bb{}\u00bb]<\/p>\n<p><span>Te permite acceder a la informaci\u00f3n con facilidad desde cualquier lugar a trav\u00e9s de diversos dispositivos como celulares o computadoras.<\/span><\/p>\n<p><span>Ahorras en gastos de mantenimiento y no es necesario contar con un servidor local. Adem\u00e1s, la informaci\u00f3n se mantiene segura, incluso en caso se pierda o malogre el dispositivo.<\/span><\/p>\n<p>[\/et_pb_toggle][\/et_pb_column][et_pb_column type=\u00bb1_2&#8243; _builder_version=\u00bb4.16&#8243; custom_padding=\u00bb|||\u00bb global_colors_info=\u00bb{}\u00bb custom_padding__hover=\u00bb|||\u00bb][et_pb_toggle title=\u00bb\u00bfHay un limite de comprobantes electr\u00f3nicos?\u00bb open_toggle_background_color=\u00bbrgba(0,0,0,0)\u00bb closed_toggle_background_color=\u00bbrgba(0,0,0,0)\u00bb _builder_version=\u00bb4.16&#8243; title_font=\u00bbShare Tech||||||||\u00bb background_color=\u00bb#f1f1f1&#8243; custom_margin=\u00bb|||\u00bb custom_padding=\u00bb|||\u00bb locked=\u00bboff\u00bb global_colors_info=\u00bb{}\u00bb]<\/p>\n<p>Contamos con planes de acuerdo a sus necesidades, tenemos planes con limites de comprobantes y tambi\u00e9n con comprobantes ilimitados.<\/p>\n<p>[\/et_pb_toggle][et_pb_toggle title=\u00bb\u00bfEn cuanto tiempo se activa el servicio?\u00bb open_toggle_background_color=\u00bbrgba(0,0,0,0)\u00bb closed_toggle_background_color=\u00bbrgba(0,0,0,0)\u00bb _builder_version=\u00bb4.16&#8243; title_font=\u00bbShare Tech||||||||\u00bb background_color=\u00bb#f1f1f1&#8243; custom_margin=\u00bb|||\u00bb custom_padding=\u00bb27px|||||\u00bb locked=\u00bboff\u00bb global_colors_info=\u00bb{}\u00bb min_height=\u00bb59px\u00bb]<\/p>\n<p>Una vez firmado el contrato el sistema estar\u00e1 activo en las siguientes 24 horas.<\/p>\n<p>[\/et_pb_toggle][et_pb_toggle title=\u00bb\u00bfC\u00f3mo es la capacitaci\u00f3n al usuario?\u00bb open_toggle_background_color=\u00bbrgba(0,0,0,0)\u00bb closed_toggle_background_color=\u00bbrgba(0,0,0,0)\u00bb _builder_version=\u00bb4.16&#8243; title_font=\u00bbShare Tech||||||||\u00bb background_color=\u00bb#f1f1f1&#8243; custom_margin=\u00bb|||\u00bb custom_padding=\u00bb|||\u00bb locked=\u00bboff\u00bb global_colors_info=\u00bb{}\u00bb]<\/p>\n<p>Es mediante video conferencia, manuales y tutoriales, tambi\u00e9n brindamos capacitaci\u00f3n presencial si el cliente lo exige previo pago de un adicional de acuerdo a la distancia.<\/p>\n<p>[\/et_pb_toggle][et_pb_toggle title=\u00bb\u00bfC\u00f3mo doy de baja el servicio?\u00bb open_toggle_background_color=\u00bbrgba(0,0,0,0)\u00bb closed_toggle_background_color=\u00bbrgba(0,0,0,0)\u00bb _builder_version=\u00bb4.16&#8243; title_font=\u00bbShare Tech||||||||\u00bb background_color=\u00bb#f1f1f1&#8243; custom_margin=\u00bb|||\u00bb custom_padding=\u00bb|||\u00bb locked=\u00bboff\u00bb global_colors_info=\u00bb{}\u00bb]<\/p>\n<p>Lamentamos que nos dejes, pero si es as\u00ed nos env\u00edas un correo a <a href=\"mailto:ventas@idase.net\">ventas@idase.net<\/a> 7 d\u00edas antes de cumplirse el periodo del contrato.<\/p>\n<p>[\/et_pb_toggle][\/et_pb_column][\/et_pb_row][\/et_pb_section]<\/p>\n","protected":false},"excerpt":{"rendered":"<p>En este apartado estaremos subiendo informaci\u00f3n relevante al mundo de la Tecnolog\u00eda de la Informaci\u00f3n y las \u00faltimas publicaciones de la SUNAT sobre Facturaci\u00f3n Electr\u00f3nica.FAQ Preguntas frecuentes sobre POS SYSTEM &nbsp;Es un sistema de punto de venta en la nube que est\u00e1 orientado para peque\u00f1os y medianos negocios del rubro retail, comida y servicios. Brinda informaci\u00f3n en tiempo real acerca de tus ventas, inventario , productos , clientes y reportes.Es un contrato abierto, el cliente decide el tiempo que desea adquirirlo (mensual,semestral o anual). Solo es necesario tener un RUC activo para utilizar el sistema.Se encuentra en la nube, por ello se debe contar con conexi\u00f3n a internet para poder utilizarlo.Te permite acceder a la informaci\u00f3n con facilidad desde cualquier lugar a trav\u00e9s de diversos dispositivos como celulares o computadoras. Ahorras en gastos de mantenimiento y no es necesario contar con un servidor local. Adem\u00e1s, la informaci\u00f3n se mantiene segura, incluso en caso se pierda o malogre el dispositivo.Contamos con planes de acuerdo a sus necesidades, tenemos planes con limites de comprobantes y tambi\u00e9n con comprobantes ilimitados.Una vez firmado el contrato el sistema estar\u00e1 activo en las siguientes 24 horas.Es mediante video conferencia, manuales y tutoriales, tambi\u00e9n brindamos capacitaci\u00f3n presencial [&hellip;]<\/p>\n","protected":false},"author":1,"featured_media":0,"parent":0,"menu_order":0,"comment_status":"closed","ping_status":"closed","template":"","meta":{"_et_pb_use_builder":"on","_et_pb_old_content":"","_et_gb_content_width":"","footnotes":""},"class_list":["post-45","page","type-page","status-publish","hentry"],"_links":{"self":[{"href":"https:\/\/idase.net\/index.php\/wp-json\/wp\/v2\/pages\/45","targetHints":{"allow":["GET"]}}],"collection":[{"href":"https:\/\/idase.net\/index.php\/wp-json\/wp\/v2\/pages"}],"about":[{"href":"https:\/\/idase.net\/index.php\/wp-json\/wp\/v2\/types\/page"}],"author":[{"embeddable":true,"href":"https:\/\/idase.net\/index.php\/wp-json\/wp\/v2\/users\/1"}],"replies":[{"embeddable":true,"href":"https:\/\/idase.net\/index.php\/wp-json\/wp\/v2\/comments?post=45"}],"version-history":[{"count":16,"href":"https:\/\/idase.net\/index.php\/wp-json\/wp\/v2\/pages\/45\/revisions"}],"predecessor-version":[{"id":709,"href":"https:\/\/idase.net\/index.php\/wp-json\/wp\/v2\/pages\/45\/revisions\/709"}],"wp:attachment":[{"href":"https:\/\/idase.net\/index.php\/wp-json\/wp\/v2\/media?parent=45"}],"curies":[{"name":"wp","href":"https:\/\/api.w.org\/{rel}","templated":true}]}}