{"id":338,"date":"2023-12-22T16:42:23","date_gmt":"2023-12-22T21:42:23","guid":{"rendered":"https:\/\/idase.net\/?post_type=product&#038;p=338"},"modified":"2025-02-23T09:14:49","modified_gmt":"2025-02-23T14:14:49","slug":"escaner-3nstar-de-codigo-de-barras-sci150-alambrico-350-50-lecturas-por-segundo-conexion-usb","status":"publish","type":"product","link":"https:\/\/idase.net\/index.php\/product\/escaner-3nstar-de-codigo-de-barras-sci150-alambrico-350-50-lecturas-por-segundo-conexion-usb\/","title":{"rendered":"Esc\u00e1ner 3NSTAR de c\u00f3digo de barras SCI150, al\u00e1mbrico, 350+\/-50 lecturas por segundo, conexi\u00f3n usb"},"content":{"rendered":"","protected":false},"excerpt":{"rendered":"","protected":false},"featured_media":339,"comment_status":"open","ping_status":"closed","template":"","meta":{"_et_pb_use_builder":"","_et_pb_old_content":"","_et_gb_content_width":""},"product_brand":[],"product_cat":[22],"product_tag":[],"class_list":{"0":"post-338","1":"product","2":"type-product","3":"status-publish","4":"has-post-thumbnail","6":"product_cat-pos","8":"first","9":"instock","10":"sale","11":"taxable","12":"shipping-taxable","13":"purchasable","14":"product-type-simple"},"_links":{"self":[{"href":"https:\/\/idase.net\/index.php\/wp-json\/wp\/v2\/product\/338","targetHints":{"allow":["GET"]}}],"collection":[{"href":"https:\/\/idase.net\/index.php\/wp-json\/wp\/v2\/product"}],"about":[{"href":"https:\/\/idase.net\/index.php\/wp-json\/wp\/v2\/types\/product"}],"replies":[{"embeddable":true,"href":"https:\/\/idase.net\/index.php\/wp-json\/wp\/v2\/comments?post=338"}],"wp:featuredmedia":[{"embeddable":true,"href":"https:\/\/idase.net\/index.php\/wp-json\/wp\/v2\/media\/339"}],"wp:attachment":[{"href":"https:\/\/idase.net\/index.php\/wp-json\/wp\/v2\/media?parent=338"}],"wp:term":[{"taxonomy":"product_brand","embeddable":true,"href":"https:\/\/idase.net\/index.php\/wp-json\/wp\/v2\/product_brand?post=338"},{"taxonomy":"product_cat","embeddable":true,"href":"https:\/\/idase.net\/index.php\/wp-json\/wp\/v2\/product_cat?post=338"},{"taxonomy":"product_tag","embeddable":true,"href":"https:\/\/idase.net\/index.php\/wp-json\/wp\/v2\/product_tag?post=338"}],"curies":[{"name":"wp","href":"https:\/\/api.w.org\/{rel}","templated":true}]}}